
-2b09f8 (base 16) to base 3
-12022022010200
What is 2011331110 (base 4) in base 13?
162991
Convert 6122511 (base 7) to base 3.
1101000020100
112321420 (base 5) to base 10
510860
-9c7a (base 15) to base 13
-12151
What is 233b16 (base 13) in base 9?
1514708
-1b9e8 (base 15) to base 2
-10101111110001001
Convert 32133023331 (base 4) to base 14.
70c045
Convert -82a476 (base 11) to base 15.
-1b4812
What is 1530032 (base 7) in base 6?
4251102
1460638 (base 10) to base 2
101100100100110011110
2413153 (base 8) to base 7
5422255
What is 171b0 (base 15) in base 12?
37240
Convert 20688 (base 15) to base 16.
19148
What is -2211010001211 (base 3) in base 14?
-2add84
What is 22031 (base 6) in base 10?
3043
What is 251a62 (base 15) in base 2?
110110001111110111000
What is -121232231 (base 4) in base 15?
-2135e
What is 7a887a0 (base 11) in base 2?
110101111100001100001010
Convert 1732327 (base 8) to base 14.
d20ab
What is 8600 (base 13) in base 14?
6abc
Convert -6e8491 (base 16) to base 9.
-14558343
-155c9b0 (base 13) to base 5
-3223312412
Convert 78457 (base 13) to base 7.
1566205
What is a4173a (base 16) in base 9?
22210452
500201 (base 7) to base 9
137362
What is 52088 (base 12) in base 16?
1a2e8
-2ede9e (base 15) to base 13
-61847c
7c0b0b (base 14) to base 15
587abc
553288 (base 11) to base 12
366a5b
Convert -1a77361 (base 13) to base 8.
-41314657
Convert -3001110 (base 11) to base 6.
-305535442
-344763 (base 9) to base 10
-206931
-179c01a (base 13) to base 10
-7709296
-752bd4 (base 15) to base 4
-111101312332
Convert -62e21 (base 15) to base 2.
-1001100100101010001
What is 4163265 (base 7) in base 2?
1111010110011000111
What is -121222301102 (base 4) in base 6?
-400115442
Convert 2345045 (base 6) to base 10.
122933
Convert -2110012120 (base 3) to base 14.
-13836
What is -123313303121 (base 4) in base 15?
-994d22
What is -13670 (base 14) in base 4?
-23230302
What is 235a2 (base 15) in base 4?
123200030
What is 134413214 (base 5) in base 13?
1b7138
11002022012200 (base 3) to base 10
2171115
Convert -470 (base 11) to base 8.
-1061
-122012011202 (base 3) to base 5
-41312014
Convert -10177b (base 15) to base 9.
-1384548
What is -11982 (base 16) in base 9?
-118763
What is 222001022032 (base 4) in base 5?
10304433143
49a4e5 (base 16) to base 10
4826341
-71a25 (base 13) to base 12
-99b71
23221213012 (base 4) to base 10
3054022
What is -1796d (base 16) in base 8?
-274555
257505 (base 8) to base 11
61620
Convert -a830 (base 14) to base 7.
-150460
52b23 (base 12) to base 5
11434442
What is 1869977 (base 10) in base 6?
104025145
What is 313131113 (base 4) in base 14?
5cad9
216237 (base 12) to base 15
a6b84
Convert 30dc06 (base 14) to base 12.
677892
What is -14c39b5 (base 14) in base 10?
-10151979
-590aa (base 11) to base 8
-246470
What is -cab5f (base 16) in base 14?
-178835
What is 21022102210111 (base 3) in base 2?
1110110100110001000110
-2210423 (base 6) to base 16
-1aeef
Convert -3021154 (base 6) to base 16.
-22dfe
1210301230 (base 4) to base 7
3336304
What is 140040302 (base 5) in base 8?
2542246
Convert -5aafb (base 16) to base 4.
-1122223323
What is -133286 (base 13) in base 8?
-1612217
Convert -330000035 (base 6) to base 9.
-12050025
What is 88711 (base 10) in base 3?
11111200121
Convert -26135 (base 14) to base 7.
-536465
490c75 (base 14) to base 9
4628586
1994a84 (base 12) to base 5
2341424143
What is -484822 (base 10) in base 4?
-1312113112
Convert -670a02 (base 11) to base 14.
-1dbd2d
What is -4311456 (base 7) in base 13?
-154677
What is 1265451 (base 7) in base 4?
220323000
Convert 3b4734 (base 12) to base 2.
11101111111000011000
-310001221131 (base 4) to base 6
-1204151553
What is -4c1ebc (base 16) in base 4?
-103001322330
What is -312221301 (base 4) in base 12?
-a9669
-2001150 (base 7) to base 13
-833a9
Convert -29292 (base 14) to base 7.
-603342
Convert -10001000000100100 (base 2) to base 15.
-15998
Convert -1100 (base 15) to base 13.
-183c
What is -201536 (base 8) in base 9?
-111065
Convert 8b0405 (base 14) to base 13.
c96132
Convert -48410 (base 14) to base 7.
-1333220
What is 414256 (base 9) in base 2?
111100000001111110
1202141412 (base 5) to base 14
522030
What is -141034 (base 10) in base 3?
-21011110111
1000122030 (base 4) to base 8
1003214
8d41 (base 16) to base 11
25194
Convert -1541453 (base 6) to base 16.
-163e9
-b89a0 (base 13) to base 5
-41132043
What is 299119 (base 10) in base 13?
a61c2
Convert 824254 (base 12) to base 16.
1f1e60
-24221104 (base 5) to base 9
-374510
Convert 7671 (base 15) to base 10.
25081
Convert 11110000100000000 (base 2) to base 3.
20020220121
Convert 13164404 (base 7) to base 10.
1209275
What is -32130102032 (base 4) in base 2?
-1110011100010010001110
-503135 (base 10) to base 12
-2031bb
Convert 323c3 (base 15) to base 9.
262683
-1044356 (base 11) to base 4
-13000031201
Convert -71c5b (base 14) to base 15.
-56329
-4903696 (base 11) to base 15
-b3a7d7
Convert -1221002221222 (base 3) to base 5.
-230310200
-1120302303 (base 4) to base 5
-43114244
-2dd86 (base 16) to base 4
-231312012
Convert 11111100110010110001 (base 2) to base 11.
647a40
Convert 361255 (base 9) to base 15.
4466e
Convert e72a (base 16) to base 5.
3343203
What is 6b635 (base 15) in base 2?
1010011100100000011
What is 59b4a (base 16) in base 9?
620020
Convert -40328 (base 11) to base 15.
-12707
What is 305435 (base 7) in base 14?
1511c
What is -4114204110 (base 5) in base 11?
-4793971
Convert 70204512 (base 8) to base 3.
1000202021102102
What is 24223100 (base 5) in base 8?
672532
3022312331 (base 4) to base 7
10030322
Convert 1000010100001101111 (base 2) to base 7.
2213306
What is -156773 (base 11) in base 15?
-4c0b4
What is -3244434 (base 5) in base 13?
-1c7a6
Convert -2a9df6 (base 16) to base 2.
-1010101001110111110110
Convert -20403215 (base 8) to base 9.
-8124536
What is 891c2 (base 14) in base 5?
41114030
3310231222 (base 4) to base 10
1002346
What is 405a34 (base 11) in base 12?
275462
What is 3718048 (base 9) in base 2?
111101101001100000111
What is -14846 (base 16) in base 14?
-228aa
Convert -130311435 (base 6) to base 16.
-26d32f
-413713 (base 8) to base 9
-228133
35031 (base 13) to base 14
2735a
6b792 (base 12) to base 5
14111132
Convert 1b720 (base 15) to base 11.
61152
301402500 (base 6) to base 3
100121222111200
3a8927 (base 12) to base 8
3544457
What is 1212222230 (base 5) in base 11?
1678472
100111010011100011 (base 2) to base 15
32a80
Convert 12300010213 (base 4) to base 15.
24e597
Convert 2dc15 (base 15) to base 7.
1154015
What is 220053 (base 8) in base 7?
425035
Convert -6430103 (base 7) to base 3.
-1110122110212
What is 14273531 (base 8) in base 4?
30113131121
What is 87d529 (base 15) in base 6?
350434050
462871 (base 11) to base 13
1c9b7a
-4714300 (base 8) to base 3
-2102020201020
Convert 302011213 (base 5) to base 9.
2234433
Convert -1044001 (base 8) to base 2.
-1000100100000000001
Convert bb6809 (base 12) to base 9.
5536330
4c011 (base 15) to base 14
647c4
What is -435434 (base 7) in base 16?
-12a4f
305248 (base 14) to base 2
110001101011000000000
100101100010000 (base 2) to base 7
110011
-50bbac (base 13) to base 14
-37013b
-24023330 (base 7) to base 8
-10063641
276197 (base 12) to base 8
2374203
Convert -823547 (base 9) to base 10.
-488149
Convert 268307 (base 10) to base 6.
5430055
-a5c4a (base 13) to base 9
-504642
What is 10032321212 (base 4) in base 9?
2071075
Convert -20230141 (base 5) to base 11.
-102594
What is 2214713 (base 9) in base 5?
301103121
Convert -2ac926a (base 13) to base 2.
-110100010111111011000111
-a1352 (base 12) to base 8
-631256
160310 (base 10) to base 6
3234102
What is -1101101010010011010 (base 2) in base 12?
-197076
What is 4383169 (base 11) in base 5?
3432100324
-245401 (base 7) to base 13
-17707
-505365 (base 8) to base 2
-101000101011110101
What is 40462 (base 11) in base 5?
3342431
What is -aa903 (base 13) in base 9?
-521008
Convert -179112 (base 10) to base 12.
-877a0
Convert 231200 (base 5) to base 14.
304c
What is 334856 (base 9) in base 15?
3e5d0
What is 2100521 (base 7) in base 9?
424155
75126 (base 12) to base 10
153966
What is -24430 (base 6) in base 4?
-320202
Convert -1001111110111010011000 (base 2) to base 5.
-1132220414
What is 1bb0638 (base 12) in base 9?
12171718
Convert 42450